-1
What is 7 (base 12) in base 7?
10
What is -23 (base 7) in base 16?
-11
Convert a (base 13) to base 5.
20
What is 11 (base 13) in base 9?
15
Convert 195 (base 12) to base 3.
100112
Convert -103 (base 4) to base 6.
-31
What is -1 (base 16) in base 14?
-1
What is a2 (base 14) in base 13?
ac
-11 (base 4) to base 16
-5
e (base 15) to base 11
13
-3 (base 12) to base 7
-3
Convert 9 (base 12) to base 4.
21
What is 3 (base 7) in base 3?
10
2 (base 14) to base 10
2
-12 (base 5) to base 10
-7
What is 139 (base 16) in base 11?
265
-3 (base 9) to base 3
-10
Convert 1 (base 14) to base 6.
1
-1 (base 3) to base 9
-1
-16 (base 8) to base 9
-15
What is -34 (base 13) in base 12?
-37
What is 58 (base 9) in base 2?
110101
Convert 23 (base 11) to base 2.
11001
-1 (base 14) to base 6
-1
Convert -1 (base 9) to base 13.
-1
Convert -410 (base 7) to base 9.
-245
Convert 0 (base 12) to base 16.
0
1 (base 12) to base 2
1
-12 (base 16) to base 8
-22
1011 (base 5) to base 11
10a
Convert 51 (base 16) to base 12.
69
What is -15 (base 15) in base 8?
-24
Convert 1c (base 13) to base 16.
19
-1 (base 5) to base 15
-1
-63 (base 9) to base 11
-52
What is -5 (base 11) in base 10?
-5
-a (base 13) to base 7
-13
Convert 100 (base 4) to base 13.
13
Convert -6 (base 8) to base 2.
-110
Convert -6 (base 14) to base 4.
-12
Convert 1 (base 3) to base 5.
1
What is -1 (base 3) in base 16?
-1
12 (base 5) to base 11
7
Convert 23 (base 5) to base 16.
d
What is 1 (base 11) in base 15?
1
What is 1 (base 15) in base 16?
1
11 (base 9) to base 14
a
Convert 9 (base 15) to base 13.
9
Convert -20 (base 13) to base 3.
-222
What is 1 (base 9) in base 10?
1
Convert -20 (base 9) to base 3.
-200
Convert -4 (base 12) to base 5.
-4
-28 (base 12) to base 4
-200
Convert -117 (base 14) to base 10.
-217
What is -93 (base 13) in base 11?
-aa
What is -11 (base 4) in base 13?
-5
What is 300 (base 6) in base 7?
213
Convert 10 (base 4) to base 13.
4
-2 (base 5) to base 4
-2
Convert -b (base 12) to base 15.
-b
Convert 5 (base 11) to base 10.
5
What is 11 (base 8) in base 7?
12
What is -2 (base 10) in base 5?
-2
-242 (base 10) to base 7
-464
-313 (base 4) to base 11
-50
-31 (base 16) to base 15
-34
Convert 1000 (base 2) to base 10.
8
What is -102 (base 5) in base 15?
-1c
Convert -2 (base 16) to base 6.
-2
What is -3 (base 13) in base 3?
-10
12 (base 8) to base 14
a
-3 (base 6) to base 2
-11
What is -58 (base 14) in base 13?
-60
What is 73 (base 8) in base 12?
4b
Convert -287 (base 9) to base 13.
-157
-141 (base 5) to base 15
-31
11 (base 8) to base 4
21
9 (base 11) to base 9
10
What is 3 (base 10) in base 7?
3
What is -8 (base 12) in base 2?
-1000
Convert 81 (base 11) to base 15.
5e
Convert 3 (base 9) to base 2.
11
7 (base 8) to base 15
7
What is -29 (base 11) in base 4?
-133
What is -185 (base 12) in base 16?
-f5
Convert 0 (base 11) to base 16.
0
-1201 (base 6) to base 5
-2124
Convert -264 (base 7) to base 12.
-100
What is -6 (base 8) in base 15?
-6
What is -73 (base 10) in base 4?
-1021
1 (base 4) to base 11
1
Convert 1010010 (base 2) to base 15.
57
-1 (base 11) to base 14
-1
What is 102 (base 8) in base 2?
1000010
-65 (base 9) to base 4
-323
Convert 10 (base 13) to base 8.
15
Convert -47 (base 9) to base 13.
-34
What is -2 (base 6) in base 7?
-2
Convert 9 (base 16) to base 10.
9
51 (base 12) to base 4
331
What is 4 (base 16) in base 8?
4
4 (base 11) to base 10
4
What is -2 (base 9) in base 14?
-2
24 (base 14) to base 13
26
1 (base 16) to base 5
1
Convert 5 (base 6) to base 15.
5
Convert 10 (base 16) to base 5.
31
-2 (base 4) to base 8
-2
-4 (base 11) to base 4
-10
6 (base 9) to base 11
6
What is 4 (base 7) in base 9?
4
Convert -3 (base 8) to base 5.
-3
Convert 34 (base 9) to base 4.
133
Convert 69 (base 10) to base 13.
54
Convert 4 (base 14) to base 2.
100
27 (base 8) to base 16
17
Convert -1101 (base 2) to base 12.
-11
What is 9 (base 14) in base 8?
11
Convert 1013 (base 4) to base 12.
5b
8 (base 10) to base 8
10
107 (base 14) to base 3
21112
3 (base 13) to base 11
3
Convert 110 (base 2) to base 14.
6
What is a9 (base 14) in base 7?
302
Convert -221 (base 5) to base 9.
-67
4a (base 11) to base 5
204
Convert 5 (base 6) to base 14.
5
Convert -3 (base 7) to base 4.
-3
-51 (base 10) to base 16
-33
110 (base 10) to base 3
11002
Convert -110011 (base 2) to base 10.
-51
What is -39 (base 14) in base 10?
-51
What is 14 (base 15) in base 6?
31
0 (base 15) to base 7
0
What is -5 (base 14) in base 13?
-5
What is -68 (base 11) in base 5?
-244
Convert 0 (base 5) to base 15.
0
What is 3 (base 5) in base 6?
3
Convert -8 (base 9) to base 3.
-22
-6 (base 12) to base 9
-6
What is -1234 (base 5) in base 10?
-194
What is 3 (base 13) in base 3?
10
Convert 5 (base 9) to base 15.
5
3 (base 12) to base 4
3
Convert 111 (base 16) to base 15.
133
Convert 9 (base 11) to base 2.
1001
What is -2 (base 16) in base 9?
-2
-83 (base 12) to base 7
-201
120 (base 3) to base 2
1111
Convert -15 (base 7) to base 9.
-13
What is -24 (base 14) in base 8?
-40
Convert -100 (base 3) to base 11.
-9
Convert -3 (base 5) to base 10.
-3
-3a (base 12) to base 3
-1201
What is 0 (base 7) in base 6?
0
-1010 (base 2) to base 5
-20
What is -20 (base 10) in base 3?
-202
-200 (base 3) to base 4
-102
-25 (base 6) to base 14
-13
-25 (base 11) to base 10
-27
11100011 (base 2) to base 12
16b
Convert 13 (base 5) to base 13.
8
What is -155 (base 8) in base 6?
-301
What is 3 (base 6) in base 14?
3
Convert -38 (base 14) to base 3.
-1212
What is -1 (base 14) in base 5?
-1
What is 1 (base 13) in base 9?
1
9 (base 11) to base 7
12
-11 (base 7) to base 4
-20
Convert 15 (base 6) to base 10.
11
What is -23 (base 15) in base 8?
-41
Convert -3 (base 6) to base 15.
-3
Convert -1101 (base 2) to base 15.
-d
What is -17 (base 8) in base 5?
-30
Convert -1 (base 15) to base 6.
-1
What is c4 (base 16) in base 2?
11000100
-1 (base 13) to base 10
-1
-4 (base 14) to base 13
-4
12 (base 13) to base 11
14
33 (base 16) to base 7
102
3 (base 8) to base 5
3
What is 43 (base 16) in base 7?
124
Convert 0 (base 15) to base 12.
0
What is 1101 (base 3) in base 12?
31
-10 (base 2) to base 14
-2
What is -2 (base 12) in base 9?
-2
-10 (base 5) to base 11
-5
What is -9 (base 15) in base 12?
-9
10 (base 4) to base 15
4
Convert 140 (base 9) to base 13.
90
Convert 76 (base 14) to base 8.
150
What is 10 (base 2) in base 3?
2
Convert 3 (base 4) to base 7.
3
13 (base 10) to base 8
15
Convert 0 (base 8) to base 7.
0
What is 50 (base 10) in base 2?
110010
What is -89 (base 12) in base 15?
-70
Convert -1 (base 12) to base 5.
-1
-4 (base 13) to base 14
-4
What is 2 (base 12) in base 9?
2
What is -b4 (base 12) in base 8?
-210
What is -10 (base 8) in base 12?
-8
30 (base 8) to base 12
20
Convert -220 (base 5) to base 13.
-48
Convert 1 (base 2) to base 12.
1
Convert -21 (base 9) to base 6.
-31
Convert 1 (base 2) to base 3.
1
-146 (base 8) to base 5
-402
What is 24 (base 5) in base 9?
15
What is -1011 (base 2) in base 12?
-b
What is ba (base 15) in base 2?
10101111
7 (base 13) to base 5
12
12 (base 4) to base 16
6
Convert -212 (base 7) to base 10.
-107
What is 111 (base 2) in base 11?
7
Convert -12 (base 7) to base 15.
-9
What is -1 (base 2) in base 4?
-1
Convert 4a (base 16) to base 3.
2202
Convert -c (base 14) to base 10.
-12
Convert -10 (base 12) to base 8.
-14
-3 (base 5) to base 3
-10
What is 16 (base 15) in base 13?
18
What is -5 (base 8) in base 5?
-10
Convert 12022 (base 3) to base 16.
8f
What is 1 (base 16) in base 10?
1
What is -31 (base 10) in base 4?
-133
What is 142 (base 5) in base 6?
115
Convert 8a (base 13) to base 4.
1302
Convert 20 (base 16) to base 9.
35
0 (base 4) to base 15
0
What is -2 (base 11) in base 16?
-2
What is -5 (base 9) in base 2?
-101
-10 (base 10) to base 5
-20
-10 (base 14) to base 5
-24
6 (base 8) to base 3
20
What is 1 (base 7) in base 15?
1
What is -10 (base 14) in base 5?
-24
1 (base 12) to base 14
1
What is -14 (base 13) in base 8?
-21
What is -11 (base 3) in base 13?
-4
What is -2222 (base 3) in base 15?
-55
Convert 1010 (base 2) to base 6.
14
What is -2b (base 16) in base 8?
-53
What is -2 (base 12) in base 16?
-2
What is -113 (base 8) in base 16?
-4b
Convert -9 (base 16) to base 5.
-14
Convert 14d (base 16) to base 13.
1c8
Convert -10 (base 10) to base 14.
-a
Convert 11 (base 